{"id":1324,"date":"2022-02-24T05:03:32","date_gmt":"2022-02-24T05:03:32","guid":{"rendered":"https:\/\/espk-lemurcolmar.fr\/?page_id=1324"},"modified":"2024-12-13T16:21:13","modified_gmt":"2024-12-13T16:21:13","slug":"about","status":"publish","type":"page","link":"https:\/\/espk-lemurcolmar.fr\/?page_id=1324","title":{"rendered":"Le Kollectif"},"content":{"rendered":"\n<div class=\"wp-block-uagb-container uagb-block-b721a3f5 alignfull uagb-is-root-container\"><div class=\"uagb-container-inner-blocks-wrap\">\n<div class=\"wp-block-uagb-advanced-heading uagb-block-5fd2c4c9\"><h1 class=\"uagb-heading-text\">Le kollectif<\/h1><\/div>\n<\/div><\/div>\n\n\n\n<div class=\"wp-block-uagb-container uagb-block-f3e006a4 alignfull uagb-is-root-container\"><div class=\"uagb-container-inner-blocks-wrap\">\n<div class=\"wp-block-uagb-advanced-heading uagb-block-8a41d09e\"><h2 class=\"uagb-heading-text\">Un Kollectif de passionn\u00e9s bien d\u00e9cid\u00e9s \u00e0 promouvoir le graffiti et <strong>les arts urbains<\/strong> dans la r\u00e9gion de Colmar. L&rsquo;association ESPK est compos\u00e9e de personnalit\u00e9s aussi originales que diverses. Encouragez-nous en adh\u00e9rant d\u00e8s aujourd&rsquo;hui !<\/h2><\/div>\n\n\n\n<div class=\"wp-block-uagb-buttons uagb-buttons__outer-wrap uagb-btn__default-btn uagb-btn-tablet__default-btn uagb-btn-mobile__default-btn uagb-block-c7a9ae46\"><div class=\"uagb-buttons__wrap uagb-buttons-layout-wrap \">\n<div class=\"wp-block-uagb-buttons-child uagb-buttons__outer-wrap uagb-block-6a461cef wp-block-button\"><div class=\"uagb-button__wrapper\"><a class=\"uagb-buttons-repeater wp-block-button__link\" aria-label=\"\" href=\"https:\/\/espk-lemurcolmar.fr\/?page_id=1889\" rel=\"follow noopener\" target=\"_self\" role=\"button\"><div class=\"uagb-button__link\">adh\u00e9rer<\/div><\/a><\/div><\/div>\n<\/div><\/div>\n\n\n\n<div class=\"wp-block-uagb-image aligncenter uagb-block-2465d3d5 wp-block-uagb-image--layout-default wp-block-uagb-image--effect-static wp-block-uagb-image--align-center\"><figure class=\"wp-block-uagb-image__figure\"><img decoding=\"async\" srcset=\"https:\/\/espk-lemurcolmar.fr\/wp-content\/uploads\/2023\/02\/kade-1024x452.jpg ,https:\/\/espk-lemurcolmar.fr\/wp-content\/uploads\/2023\/02\/kade-1024x452.jpg 780w, https:\/\/espk-lemurcolmar.fr\/wp-content\/uploads\/2023\/02\/kade-300x132.jpg 360w\" sizes=\"(max-width: 480px) 150px\" src=\"https:\/\/espk-lemurcolmar.fr\/wp-content\/uploads\/2023\/02\/kade-1024x452.jpg\" alt=\"\" class=\"uag-image-1837\" width=\"1024\" height=\"452\" title=\"\" loading=\"lazy\" role=\"img\"\/><\/figure><\/div>\n\n\n\n<div class=\"wp-block-uagb-container uagb-block-0bcd2dcc\">\n<div class=\"wp-block-uagb-container uagb-block-c06ef18d\">\n<div class=\"wp-block-uagb-info-box uagb-block-82af0ce2 uagb-infobox__content-wrap  uagb-infobox-icon-above-title uagb-infobox-image-valign-top\"><div class=\"uagb-ifb-content\"><div class=\"uagb-ifb-title-wrap\"><h3 class=\"uagb-ifb-title\">Nos missions<\/h3><\/div><p class=\"uagb-ifb-desc\">Promouvoir le graffiti et vous faire d\u00e9couvrir les techniques li\u00e9es aux arts urbains autour d\u2019\u00e9v\u00e8nements alliant culture, et bonne humeur. Nous pouvons prendre part \u00e0 vos projets de diff\u00e9rentes fa\u00e7ons&nbsp;: Fresques et peintures command\u00e9es, peinture en d\u00e9monstration, peintures collaboratives, ateliers d\u2019initiation\u2026<\/p><\/div><\/div>\n<\/div>\n\n\n\n<div class=\"wp-block-uagb-container uagb-block-b4554110\">\n<div class=\"wp-block-uagb-info-box uagb-block-23793176 uagb-infobox__content-wrap  uagb-infobox-icon-above-title uagb-infobox-image-valign-top\"><div class=\"uagb-ifb-content\"><div class=\"uagb-ifb-title-wrap\"><h3 class=\"uagb-ifb-title\">Nos valeurs<\/h3><\/div><p class=\"uagb-ifb-desc\">Mettre en avant les artistes lors d\u2019\u00e9v\u00e8nements organis\u00e9s et\/ou dans le cadre de projets n\u00e9cessitant le coup de crayon de l\u2019un des nombreux experts pr\u00e9sents dans notre palette d\u2019artistes. C\u2019est avant tout le partage de notre passion qui nous anime.&nbsp; Vous faire d\u00e9couvrir nos univers est le point essentiel de nos actions.<br><\/p><\/div><\/div>\n<\/div>\n<\/div>\n<\/div><\/div>\n\n\n\n<div class=\"inherit-container-width is-layout-constrained wp-block-group alignfull has-background\" style=\"background:linear-gradient(135deg,rgb(0,0,0) 0%,rgb(0,181,51) 100%)\">\n<h4 class=\"has-text-color\" style=\"color:#ffffff\">Cr\u00e9ation de l&rsquo;association ESPK &#8211; Le Mur Colmar<\/h4>\n\n\n\n<div class=\"is-layout-flex wp-container-4 wp-block-columns\">\n<div class=\"is-layout-flow wp-block-column\" style=\"flex-basis:40%\">\n<h2 class=\"has-text-color\" style=\"color:#ffffff\">Pour la petite histoire&#8230;<\/h2>\n<\/div>\n\n\n\n<div class=\"is-layout-flow wp-block-column\">\n<p class=\"has-text-color\" style=\"color:#e6e6e6\">L\u2019association ESPK a vu le jour en 2022 et est en r\u00e9alit\u00e9 la suite logique du projet \u201cle Mur Colmar\u201d port\u00e9 initialement par l\u2019association \u00ab&nbsp;In Colmar We Pulse&nbsp;\u00bb et son pr\u00e9sident Guillaume Lenys qui nous a fait confiance et nous a pass\u00e9 le flambeau. &nbsp;\u201cLe M.U.R. (Modulable, Urbain, R\u00e9actif)\u201dest un projet n\u00e9 \u00e0 Paris dans la rue Oberkampf devenue mythique gr\u00e2ce aux artistes Jean Faucheur et Thom Thom. &nbsp;Avec le temps, d\u2019autres villes fran\u00e7aises et \u00e9trang\u00e8res se sont ralli\u00e9es au mouvement. Aujourd\u2019hui, ce sont plus d\u2019une vingtaine de villes qui s\u2019approprient et d\u00e9veloppent le concept \u201cle MUR\u201d. A Colmar et environ, nous inviterons des artistes venus d\u2019ici et d\u2019ailleurs afin d\u2019\u00e9blouir vos yeux et de stimuler votre imagination.<\/p>\n\n\n\n<div class=\"is-layout-flex wp-block-buttons\">\n<div class=\"wp-block-button\"><a class=\"wp-block-button__link has-ast-global-color-5-color has-ast-global-color-1-background-color has-text-color has-background wp-element-button\" href=\"https:\/\/espk-lemurcolmar.fr\/?page_id=1889\">adh\u00e9rer<\/a><\/div>\n<\/div>\n<\/div>\n<\/div>\n<\/div>\n\n\n\n<div class=\"inherit-container-width is-layout-constrained wp-block-group alignfull has-black-background-color has-background\">\n<h2 class=\"has-text-align-left has-text-color\" style=\"color:#ffffff\">CONSEIL D\u2019ADMINISTRATION <\/h2>\n\n\n\n<div style=\"height:30px\" aria-hidden=\"true\" class=\"wp-block-spacer\"><\/div>\n\n\n\n<div class=\"is-layout-flex wp-container-9 wp-block-columns alignwide\">\n<div class=\"is-layout-flow wp-block-column\">\n<figure class=\"wp-block-image size-full is-resized is-style-rounded\"><img decoding=\"async\" loading=\"lazy\" src=\"https:\/\/espk-lemurcolmar.fr\/wp-content\/uploads\/2023\/03\/avatar_on_about.png\" alt=\"\" class=\"wp-image-1931\" width=\"75\" height=\"75\"\/><\/figure>\n\n\n\n<h3 class=\"has-text-color\" style=\"color:#ffffff\">Marie Haffner &#8211; Pr\u00e9sidente<\/h3>\n\n\n\n<p class=\"has-text-color\" style=\"color:#d7d7d7\">Professeur des \u00e9coles et artiste passionn\u00e9e. On ne va pas se mentir, sans elle nous ne serions rien. Elle donne sans compter, c&rsquo;est la meilleure, la boss. On lui doit tout.<\/p>\n<\/div>\n\n\n\n<div class=\"is-layout-flow wp-block-column\">\n<figure class=\"wp-block-image size-full is-resized is-style-rounded\"><img decoding=\"async\" loading=\"lazy\" src=\"https:\/\/espk-lemurcolmar.fr\/wp-content\/uploads\/2023\/03\/zeek-3-1.png\" alt=\"\" class=\"wp-image-2155\" width=\"75\" height=\"75\"\/><\/figure>\n\n\n\n<h3 class=\"has-text-color\" style=\"color:#ffffff\">Marco Ribeiro &#8211; Informatique et web<\/h3>\n\n\n\n<p class=\"has-text-color\" style=\"color:#d7d7d7\">Informaticien et artiste du num\u00e9rique. Ses dons informatiques et son univers artistique permettent \u00e0 l&rsquo;\u00e9quipe d&rsquo;endurer son humour in\u00e9puisablement d\u00e9lirant.<\/p>\n<\/div>\n\n\n\n<div class=\"is-layout-flow wp-block-column\">\n<figure class=\"wp-block-image size-full is-resized is-style-rounded\"><img decoding=\"async\" loading=\"lazy\" src=\"https:\/\/espk-lemurcolmar.fr\/wp-content\/uploads\/2023\/03\/serge.png\" alt=\"\" class=\"wp-image-2131\" width=\"75\" height=\"75\"\/><\/figure>\n\n\n\n<h3 class=\"has-text-color\" style=\"color:#ffffff\">Serge Calabrese &#8211; Tr\u00e9sorier<\/h3>\n\n\n\n<p class=\"has-text-color\" style=\"color:#d7d7d7\">Technicien M\u00e9thode aussi efficace que rigoureux. C&rsquo;est aussi le seul de l&rsquo;\u00e9quipe qui sache vraiment compter. Avec lui \u00e7a tourne rond et les chiffres sont carr\u00e9s.<\/p>\n<\/div>\n<\/div>\n\n\n\n<div style=\"height:20px\" aria-hidden=\"true\" class=\"wp-block-spacer\"><\/div>\n\n\n\n<div class=\"is-layout-flex wp-container-13 wp-block-columns alignwide\">\n<div class=\"is-layout-flow wp-block-column\">\n<figure class=\"wp-block-image size-full is-style-rounded\"><img decoding=\"async\" loading=\"lazy\" width=\"75\" height=\"75\" src=\"https:\/\/espk-lemurcolmar.fr\/wp-content\/uploads\/2023\/05\/FilouToutou.png\" alt=\"\" class=\"wp-image-2360\"\/><\/figure>\n\n\n\n<h3 class=\"has-text-color\" style=\"color:#ffffff\">Philippe Rust &#8211; Technique \u00e9v\u00e9nementiel<\/h3>\n\n\n\n<p class=\"has-text-color\" style=\"color:#d7d7d7\">Ce technicien son et lumi\u00e8re \u00e9m\u00e9rite nous \u00e9claire en termes d&rsquo;exp\u00e9rience \u00e9v\u00e9nementielle. Silencieux et pr\u00e9cis, ce sniper sait se faire entendre et tire toujours dans le mille.<\/p>\n<\/div>\n\n\n\n<div class=\"is-layout-flow wp-block-column\">\n<figure class=\"wp-block-image size-full is-resized is-style-rounded\"><img decoding=\"async\" loading=\"lazy\" src=\"https:\/\/espk-lemurcolmar.fr\/wp-content\/uploads\/2023\/03\/zlam3.png\" alt=\"\" class=\"wp-image-2137\" width=\"75\" height=\"75\"\/><\/figure>\n\n\n\n<h3 class=\"has-text-color\" style=\"color:#ffffff\">Rogan Stevens &#8211; Communication Internationale<\/h3>\n\n\n\n<p class=\"has-text-color\" style=\"color:#d7d7d7\">Enseignant et artiste aguerri. La communication c&rsquo;est son truc \u00e0 lui, sur le mur ou \u00e0 l&rsquo;oral, en fran\u00e7ais ou en anglais, le message est toujours clair.<\/p>\n<\/div>\n\n\n\n<div class=\"is-layout-flow wp-block-column\">\n<figure class=\"wp-block-image size-full is-resized is-style-rounded\"><img decoding=\"async\" loading=\"lazy\" src=\"https:\/\/espk-lemurcolmar.fr\/wp-content\/uploads\/2023\/11\/JUDD1.png\" alt=\"\" class=\"wp-image-2363\" width=\"75\" height=\"75\"\/><\/figure>\n\n\n\n<h3 class=\"has-text-color\" style=\"color:#ffffff\">Julien Judd &#8211; D\u00e9corateur in&amp;out<\/h3>\n\n\n\n<p class=\"has-text-color\" style=\"color:#d7d7d7\">Redoutable cam\u00e9l\u00e9on artistique \u00e0 la cr\u00e9ativit\u00e9 insatiable. V\u00e9t\u00e9ran du graffiti et de la culture urbaine en g\u00e9n\u00e9rale, il s&rsquo;approprie les styles et les \u00e9poques avec toujours un coup d&rsquo;avance.<\/p>\n<\/div>\n<\/div>\n<\/div>\n\n\n\n<div class=\"wp-block-uagb-container uagb-block-96c6d84e alignfull uagb-is-root-container\"><div class=\"uagb-container-inner-blocks-wrap\">\n<div class=\"wp-block-uagb-testimonial uagb-slick-carousel uagb-tm__arrow-outside uagb-block-a064f279 uagb-post__carousel_notset uagb-post__carousel_notset-tablet uagb-post__carousel_notset-mobile\"><div class=\"is-carousel uagb-tm__columns-1 uagb-tm__items\"><div class=\"uagb-testimonial__wrap  uagb-tm__imgicon-style-circle uagb-tm__image-position-bottom uagb-tm__bg-type-color \"><div class=\"uagb-tm__content\"><div class=\"uagb-tm__overlay\"><\/div><div class=\"uagb-tm__text-wrap\"><div class=\"uagb-tm__desc\">Vous cherchez un artiste comp\u00e9tent et sympa pour un projet, un \u00e9v\u00e8nement ?<br>&#8211; Nous avons ce qu&rsquo;il vous faut !<\/div><div class=\"uagb-tm__meta-inner\"><div class=\"uagb-tm__image-content\"><div class=\"uagb-tm__image\"><img decoding=\"async\" class=\"uagb-tm-img-src\" src=\"https:\/\/espk-lemurcolmar.fr\/wp-content\/uploads\/2023\/03\/avatar_on_about.png\" alt=\"\" width=\"60\" height=\"60\" loading=\"lazy\"\/><\/div><\/div><div class=\"uagb-testimonial-details\"><span class=\"uagb-tm__author-name\">Marie &#8211; Pr\u00e9sidente et artiste ESPK<\/span><span class=\"uagb-tm__company\"><\/span><\/div><\/div><\/div><\/div><\/div><\/div><\/div>\n\n\n\n<div class=\"wp-block-uagb-buttons uagb-buttons__outer-wrap uagb-btn__default-btn uagb-btn-tablet__default-btn uagb-btn-mobile__default-btn uagb-block-d94ea168\"><div class=\"uagb-buttons__wrap uagb-buttons-layout-wrap \">\n<div class=\"wp-block-uagb-buttons-child uagb-buttons__outer-wrap uagb-block-a3c3a3f1 wp-block-button\"><div class=\"uagb-button__wrapper\"><a class=\"uagb-buttons-repeater wp-block-button__link\" aria-label=\"\" href=\"https:\/\/espk-lemurcolmar.fr\/?page_id=1889\" rel=\"follow noopener\" target=\"_self\" role=\"button\"><div class=\"uagb-button__link\">Adh\u00e9rer<\/div><\/a><\/div><\/div>\n<\/div><\/div>\n<\/div><\/div>\n","protected":false},"excerpt":{"rendered":"<p>Le kollectif Un Kollectif de passionn\u00e9s bien d\u00e9cid\u00e9s \u00e0 promouvoir le graffiti et les arts urbains dans la r\u00e9gion de Colmar. L&rsquo;association ESPK est compos\u00e9e de personnalit\u00e9s aussi originales que diverses. Encouragez-nous en adh\u00e9rant d\u00e8s aujourd&rsquo;hui ! Cr\u00e9ation de l&rsquo;association ESPK &#8211; Le Mur Colmar Pour la petite histoire&#8230; L\u2019association ESPK a vu le jour &hellip;<\/p>\n<p class=\"read-more\"> <a class=\"\" href=\"https:\/\/espk-lemurcolmar.fr\/?page_id=1324\"> <span class=\"screen-reader-text\">Le Kollectif<\/span> Lire la suite\u00a0\u00bb<\/a><\/p>\n","protected":false},"author":1,"featured_media":0,"parent":0,"menu_order":0,"comment_status":"closed","ping_status":"closed","template":"","meta":{"_uag_custom_page_level_css":"","site-sidebar-layout":"no-sidebar","site-content-layout":"page-builder","ast-global-header-display":"","ast-main-header-display":"","ast-hfb-above-header-display":"","ast-hfb-below-header-display":"","ast-hfb-mobile-header-display":"","site-post-title":"disabled","ast-breadcrumbs-content":"","ast-featured-img":"disabled","footer-sml-layout":"","theme-transparent-header-meta":"enabled","adv-header-id-meta":"","stick-header-meta":"","header-above-stick-meta":"","header-main-stick-meta":"","header-below-stick-meta":""},"yoast_head":"<!-- This site is optimized with the Yoast SEO plugin v20.3 - https:\/\/yoast.com\/wordpress\/plugins\/seo\/ -->\n<title>Le Kollectif - Le Mur Colmar<\/title>\n<meta name=\"robots\" content=\"index, follow, max-snippet:-1, max-image-preview:large, max-video-preview:-1\" \/>\n<link rel=\"canonical\" href=\"https:\/\/espk-lemurcolmar.fr\/?page_id=1324\" \/>\n<meta property=\"og:locale\" content=\"fr_FR\" \/>\n<meta property=\"og:type\" content=\"article\" \/>\n<meta property=\"og:title\" content=\"Le Kollectif - Le Mur Colmar\" \/>\n<meta property=\"og:description\" content=\"Le kollectif Un Kollectif de passionn\u00e9s bien d\u00e9cid\u00e9s \u00e0 promouvoir le graffiti et les arts urbains dans la r\u00e9gion de Colmar. L&rsquo;association ESPK est compos\u00e9e de personnalit\u00e9s aussi originales que diverses. Encouragez-nous en adh\u00e9rant d\u00e8s aujourd&rsquo;hui ! Cr\u00e9ation de l&rsquo;association ESPK &#8211; Le Mur Colmar Pour la petite histoire&#8230; L\u2019association ESPK a vu le jour &hellip; Le Kollectif Lire la suite\u00a0\u00bb\" \/>\n<meta property=\"og:url\" content=\"https:\/\/espk-lemurcolmar.fr\/?page_id=1324\" \/>\n<meta property=\"og:site_name\" content=\"Le Mur Colmar\" \/>\n<meta property=\"article:publisher\" content=\"https:\/\/www.facebook.com\/lemurcolmar\" \/>\n<meta property=\"article:modified_time\" content=\"2024-12-13T16:21:13+00:00\" \/>\n<meta property=\"og:image\" content=\"https:\/\/espk-lemurcolmar.fr\/wp-content\/uploads\/2023\/02\/kade-1024x452.jpg\" \/>\n<meta name=\"twitter:card\" content=\"summary_large_image\" \/>\n<meta name=\"twitter:label1\" content=\"Dur\u00e9e de lecture estim\u00e9e\" \/>\n\t<meta name=\"twitter:data1\" content=\"5 minutes\" \/>\n<script type=\"application\/ld+json\" class=\"yoast-schema-graph\">{\"@context\":\"https:\/\/schema.org\",\"@graph\":[{\"@type\":\"WebPage\",\"@id\":\"https:\/\/espk-lemurcolmar.fr\/?page_id=1324\",\"url\":\"https:\/\/espk-lemurcolmar.fr\/?page_id=1324\",\"name\":\"Le Kollectif - Le Mur Colmar\",\"isPartOf\":{\"@id\":\"https:\/\/espk-lemurcolmar.fr\/#website\"},\"datePublished\":\"2022-02-24T05:03:32+00:00\",\"dateModified\":\"2024-12-13T16:21:13+00:00\",\"breadcrumb\":{\"@id\":\"https:\/\/espk-lemurcolmar.fr\/?page_id=1324#breadcrumb\"},\"inLanguage\":\"fr-FR\",\"potentialAction\":[{\"@type\":\"ReadAction\",\"target\":[\"https:\/\/espk-lemurcolmar.fr\/?page_id=1324\"]}]},{\"@type\":\"BreadcrumbList\",\"@id\":\"https:\/\/espk-lemurcolmar.fr\/?page_id=1324#breadcrumb\",\"itemListElement\":[{\"@type\":\"ListItem\",\"position\":1,\"name\":\"Home\",\"item\":\"https:\/\/espk-lemurcolmar.fr\/\"},{\"@type\":\"ListItem\",\"position\":2,\"name\":\"Le Kollectif\"}]},{\"@type\":\"WebSite\",\"@id\":\"https:\/\/espk-lemurcolmar.fr\/#website\",\"url\":\"https:\/\/espk-lemurcolmar.fr\/\",\"name\":\"ESPK - Le Mur Colmar\",\"description\":\"\",\"publisher\":{\"@id\":\"https:\/\/espk-lemurcolmar.fr\/#organization\"},\"potentialAction\":[{\"@type\":\"SearchAction\",\"target\":{\"@type\":\"EntryPoint\",\"urlTemplate\":\"https:\/\/espk-lemurcolmar.fr\/?s={search_term_string}\"},\"query-input\":\"required name=search_term_string\"}],\"inLanguage\":\"fr-FR\"},{\"@type\":\"Organization\",\"@id\":\"https:\/\/espk-lemurcolmar.fr\/#organization\",\"name\":\"ESPK - Le Mur Colmar\",\"url\":\"https:\/\/espk-lemurcolmar.fr\/\",\"logo\":{\"@type\":\"ImageObject\",\"inLanguage\":\"fr-FR\",\"@id\":\"https:\/\/espk-lemurcolmar.fr\/#\/schema\/logo\/image\/\",\"url\":\"https:\/\/espk-lemurcolmar.fr\/wp-content\/uploads\/2023\/02\/espkL1.png\",\"contentUrl\":\"https:\/\/espk-lemurcolmar.fr\/wp-content\/uploads\/2023\/02\/espkL1.png\",\"width\":132,\"height\":60,\"caption\":\"ESPK - Le Mur Colmar\"},\"image\":{\"@id\":\"https:\/\/espk-lemurcolmar.fr\/#\/schema\/logo\/image\/\"},\"sameAs\":[\"https:\/\/www.facebook.com\/lemurcolmar\",\"https:\/\/www.instagram.com\/lemurcolmar\/\"]}]}<\/script>\n<!-- \/ Yoast SEO plugin. -->","yoast_head_json":{"title":"Le Kollectif - Le Mur Colmar","robots":{"index":"index","follow":"follow","max-snippet":"max-snippet:-1","max-image-preview":"max-image-preview:large","max-video-preview":"max-video-preview:-1"},"canonical":"https:\/\/espk-lemurcolmar.fr\/?page_id=1324","og_locale":"fr_FR","og_type":"article","og_title":"Le Kollectif - Le Mur Colmar","og_description":"Le kollectif Un Kollectif de passionn\u00e9s bien d\u00e9cid\u00e9s \u00e0 promouvoir le graffiti et les arts urbains dans la r\u00e9gion de Colmar. L&rsquo;association ESPK est compos\u00e9e de personnalit\u00e9s aussi originales que diverses. Encouragez-nous en adh\u00e9rant d\u00e8s aujourd&rsquo;hui ! Cr\u00e9ation de l&rsquo;association ESPK &#8211; Le Mur Colmar Pour la petite histoire&#8230; L\u2019association ESPK a vu le jour &hellip; Le Kollectif Lire la suite\u00a0\u00bb","og_url":"https:\/\/espk-lemurcolmar.fr\/?page_id=1324","og_site_name":"Le Mur Colmar","article_publisher":"https:\/\/www.facebook.com\/lemurcolmar","article_modified_time":"2024-12-13T16:21:13+00:00","og_image":[{"url":"https:\/\/espk-lemurcolmar.fr\/wp-content\/uploads\/2023\/02\/kade-1024x452.jpg"}],"twitter_card":"summary_large_image","twitter_misc":{"Dur\u00e9e de lecture estim\u00e9e":"5 minutes"},"schema":{"@context":"https:\/\/schema.org","@graph":[{"@type":"WebPage","@id":"https:\/\/espk-lemurcolmar.fr\/?page_id=1324","url":"https:\/\/espk-lemurcolmar.fr\/?page_id=1324","name":"Le Kollectif - Le Mur Colmar","isPartOf":{"@id":"https:\/\/espk-lemurcolmar.fr\/#website"},"datePublished":"2022-02-24T05:03:32+00:00","dateModified":"2024-12-13T16:21:13+00:00","breadcrumb":{"@id":"https:\/\/espk-lemurcolmar.fr\/?page_id=1324#breadcrumb"},"inLanguage":"fr-FR","potentialAction":[{"@type":"ReadAction","target":["https:\/\/espk-lemurcolmar.fr\/?page_id=1324"]}]},{"@type":"BreadcrumbList","@id":"https:\/\/espk-lemurcolmar.fr\/?page_id=1324#breadcrumb","itemListElement":[{"@type":"ListItem","position":1,"name":"Home","item":"https:\/\/espk-lemurcolmar.fr\/"},{"@type":"ListItem","position":2,"name":"Le Kollectif"}]},{"@type":"WebSite","@id":"https:\/\/espk-lemurcolmar.fr\/#website","url":"https:\/\/espk-lemurcolmar.fr\/","name":"ESPK - Le Mur Colmar","description":"","publisher":{"@id":"https:\/\/espk-lemurcolmar.fr\/#organization"},"potentialAction":[{"@type":"SearchAction","target":{"@type":"EntryPoint","urlTemplate":"https:\/\/espk-lemurcolmar.fr\/?s={search_term_string}"},"query-input":"required name=search_term_string"}],"inLanguage":"fr-FR"},{"@type":"Organization","@id":"https:\/\/espk-lemurcolmar.fr\/#organization","name":"ESPK - Le Mur Colmar","url":"https:\/\/espk-lemurcolmar.fr\/","logo":{"@type":"ImageObject","inLanguage":"fr-FR","@id":"https:\/\/espk-lemurcolmar.fr\/#\/schema\/logo\/image\/","url":"https:\/\/espk-lemurcolmar.fr\/wp-content\/uploads\/2023\/02\/espkL1.png","contentUrl":"https:\/\/espk-lemurcolmar.fr\/wp-content\/uploads\/2023\/02\/espkL1.png","width":132,"height":60,"caption":"ESPK - Le Mur Colmar"},"image":{"@id":"https:\/\/espk-lemurcolmar.fr\/#\/schema\/logo\/image\/"},"sameAs":["https:\/\/www.facebook.com\/lemurcolmar","https:\/\/www.instagram.com\/lemurcolmar\/"]}]}},"uagb_featured_image_src":{"full":false,"thumbnail":false,"medium":false,"medium_large":false,"large":false,"1536x1536":false,"2048x2048":false},"uagb_author_info":{"display_name":"zeeknoctem@gmail.com","author_link":"https:\/\/espk-lemurcolmar.fr\/?author=1"},"uagb_comment_info":0,"uagb_excerpt":"Le kollectif Un Kollectif de passionn\u00e9s bien d\u00e9cid\u00e9s \u00e0 promouvoir le graffiti et les arts urbains dans la r\u00e9gion de Colmar. L&rsquo;association ESPK est compos\u00e9e de personnalit\u00e9s aussi originales que diverses. Encouragez-nous en adh\u00e9rant d\u00e8s aujourd&rsquo;hui ! Cr\u00e9ation de l&rsquo;association ESPK &#8211; Le Mur Colmar Pour la petite histoire&#8230; L\u2019association ESPK a vu le jour\u2026","_links":{"self":[{"href":"https:\/\/espk-lemurcolmar.fr\/index.php?rest_route=\/wp\/v2\/pages\/1324"}],"collection":[{"href":"https:\/\/espk-lemurcolmar.fr\/index.php?rest_route=\/wp\/v2\/pages"}],"about":[{"href":"https:\/\/espk-lemurcolmar.fr\/index.php?rest_route=\/wp\/v2\/types\/page"}],"author":[{"embeddable":true,"href":"https:\/\/espk-lemurcolmar.fr\/index.php?rest_route=\/wp\/v2\/users\/1"}],"replies":[{"embeddable":true,"href":"https:\/\/espk-lemurcolmar.fr\/index.php?rest_route=%2Fwp%2Fv2%2Fcomments&post=1324"}],"version-history":[{"count":79,"href":"https:\/\/espk-lemurcolmar.fr\/index.php?rest_route=\/wp\/v2\/pages\/1324\/revisions"}],"predecessor-version":[{"id":2418,"href":"https:\/\/espk-lemurcolmar.fr\/index.php?rest_route=\/wp\/v2\/pages\/1324\/revisions\/2418"}],"wp:attachment":[{"href":"https:\/\/espk-lemurcolmar.fr\/index.php?rest_route=%2Fwp%2Fv2%2Fmedia&parent=1324"}],"curies":[{"name":"wp","href":"https:\/\/api.w.org\/{rel}","templated":true}]}}